356599?
9
What is the units digit of 1342889347?
7
What is the hundred millions digit of 279297941?
2
What is the ten millions digit of 11079754?
1
What is the hundreds digit of 2402104584?
5
What is the tens digit of 375619073?
7
What is the ten millions digit of 4982584745?
8
What is the ten millions digit of 186920666?
8
What is the hundred millions digit of 563903928?
5
What is the hundred millions digit of 3824973356?
8
What is the hundreds digit of 820649858?
8
What is the millions digit of 43659259?
3
What is the units digit of 6367420884?
4
What is the hundred thousands digit of 3840888?
8
What is the ten thousands digit of 73929756?
2
What is the units digit of 257932546?
6
What is the ten thousands digit of 10813615?
1
What is the hundred millions digit of 4955839548?
9
What is the ten millions digit of 877029092?
7
What is the tens digit of 201526152?
5
What is the hundred thousands digit of 30824733?
8
What is the millions digit of 999861344?
9
What is the ten thousands digit of 627583505?
8
What is the thousands digit of 90081800?
1
What is the ten millions digit of 117695450?
1
What is the units digit of 345208685?
5
What is the tens digit of 2837718215?
1
What is the millions digit of 2906812856?
6
What is the ten thousands digit of 241796630?
9
What is the thousands digit of 41259961?
9
What is the tens digit of 31375894?
9
What is the tens digit of 6054084?
8
What is the thousands digit of 1895336361?
6
What is the millions digit of 326917962?
6
What is the hundreds digit of 411826700?
7
What is the millions digit of 622713628?
2
What is the units digit of 544217247?
7
What is the ten thousands digit of 924742074?
4
What is the millions digit of 26693037?
6
What is the hundred thousands digit of 1390224157?
2
What is the hundreds digit of 489028578?
5
What is the ten millions digit of 118644287?
1
What is the hundred thousands digit of 493810891?
8
What is the ten millions digit of 127885673?
2
What is the hundreds digit of 206308388?
3
What is the ten thousands digit of 79553739?
5
What is the millions digit of 73550094?
3
What is the millions digit of 21253040?
1
What is the units digit of 491610801?
1
What is the units digit of 170544613?
3
What is the tens digit of 45598282?
8
What is the ten thousands digit of 248897231?
9
What is the tens digit of 1145497496?
9
What is the hundred thousands digit of 3322948?
3
What is the thousands digit of 39403013?
3
What is the tens digit of 54664697?
9
What is the units digit of 461068101?
1
What is the tens digit of 8910702600?
0
What is the millions digit of 46398198?
6
What is the thousands digit of 580297941?
7
What is the units digit of 335675987?
7
What is the hundred millions digit of 9094646443?
0
What is the tens digit of 4371297208?
0
What is the hundreds digit of 46665789?
7
What is the hundred thousands digit of 65830794?
8
What is the hundred thousands digit of 1477937?
4
What is the thousands digit of 10587443?
7
What is the hundred millions digit of 3175975262?
1
What is the ten millions digit of 86081486?
8
What is the ten millions digit of 1897698097?
9
What is the millions digit of 3260646070?
0
What is the millions digit of 702511515?
2
What is the ten thousands digit of 248639783?
3
What is the ten thousands digit of 595398825?
9
What is the ten millions digit of 619533201?
1
What is the thousands digit of 68520677?
0
What is the millions digit of 6159462?
6
What is the tens digit of 15220949?
4
What is the ten millions digit of 915767828?
1
What is the hundreds digit of 258324928?
9
What is the ten thousands digit of 56017977?
1
What is the ten thousands digit of 110192986?
9
What is the billions digit of 1996136227?
1
What is the ten millions digit of 36067775?
3
What is the hundred thousands digit of 2667115?
6
What is the millions digit of 54659229?
4
What is the millions digit of 1677858375?
7
What is the ten millions digit of 76093990?
7
What is the millions digit of 160438011?
0
What is the thousands digit of 158535969?
5
What is the ten thousands digit of 211480480?
8
What is the ten thousands digit of 880582549?
8
What is the hundred millions digit of 1467349947?
4
What is the millions digit of 159613960?
9
What is the thousands digit of 1266071993?
1
What is the tens digit of 4861992774?
7
What is the units digit of 233062525?
5
What is the hundred thousands digit of 27948159?
9
What is the tens digit of 1923227502?
0
What is the hundreds digit of 133567100?
1
What is the millions digit of 53730795?
3
What is the ten thousands digit of 1055194266?
9
What is the ten thousands digit of 2032373437?
7
What is the hundred thousands digit of 39225592?
2
What is the ten millions digit of 1194013258?
9
What is the billions digit of 1976692736?
1
What is the hundreds digit of 94997554?
5
What is the ten millions digit of 48871091?
4
What is the hundreds digit of 251090544?
5
What is the millions digit of 238397269?
8
What is the ten thousands digit of 6315172843?
7
What is the hundreds digit of 42039930?
9
What is the thousands digit of 2746337181?
7
What is the thousands digit of 295030046?
0
What is the units digit of 1962118570?
0
What is the units digit of 85706143?
3
What is the ten thousands digit of 174990901?
9
What is the millions digit of 5189464899?
9
What is the hundred thousands digit of 82810930?
8
What is the millions digit of 4196144?
4
What is the tens digit of 127424247?
4
What is the millions digit of 177373972?
7
What is the millions digit of 284922694?
4
What is the millions digit of 583739496?
3
What is the thousands digit of 130769619?
9
What is the thousands digit of 953870955?
0
What is the tens digit of 30837147?
4
What is the hundreds digit of 110234830?
8
What is the ten thousands digit of 1163096246?
9
What is the tens digit of 47303335?
3
What is the units digit of 113577136?
6
What is the units digit of 50178490?
0
What is the thousands digit of 133657616?
7
What is the hundreds digit of 175338462?
4
What is the ten thousands digit of 742215791?
1
What is the hundreds digit of 248965170?
1
What is the hundreds digit of 170870465?
4
What is the thousands digit of 836765961?
5
What is the billions digit of 2525905231?
2
What is the millions digit of 607160472?
7
What is the hundred millions digit of 3845903043?
8
What is the thousands digit of 63644819?
4
What is the millions digit of 7594557?
7
What is the ten thousands digit of 185355854?
5
What is the hundred thousands digit of 36972577?
9
What is the hundred millions digit of 6275710234?
2
What is the tens digit of 3477735863?
6
What is the thousands digit of 1154641695?
1
What is the units digit of 7747333?
3
What is the ten millions digit of 1200802033?
0
What is the tens digit of 87958906?
0
What is the millions digit of 835404257?
5
What is the hundred thousands digit of 47122324?
1
What is the hundred thousands digit of 308046063?
0
What is the ten millions digit of 1367384596?
6
What is the millions digit of 2513561053?
3
What is the millions digit of 1451412781?
1
What is the thousands digit of 6000104?
0
What is the millions digit of 547428386?
7
What is the ten thousands digit of 200971401?
7
What is the billions digit of 2578397698?
2
What is the thousands digit of 426146163?
6
What is the ten millions digit of 31413719?
3
What is the ten thousands digit of 37472315?
7
What is the ten thousands digit of 2923542?
2
What is the tens digit of 4703213764?
6
What is the units digit of 1178803941?
1
What is the hundreds digit of 727871130?
1
What is the millions digit of 1186890310?
6
What is the hundred millions digit of 1185475913?
1
What is the hundred thousands digit of 3354555859?
5
What is the thousands digit of 852373818?
3
What is the ten millions digit of 253234850?
5
What is the ten thousands digit of 83648905?
4
What is the millions digit of 128788376?
8
What is the ten thousands digit of 4127162535?
6
What is the thousands digit of 669872547?
2
What is the hundred thousands digit of 23400744?
4
What is the hundreds digit of 4405380443?
4
What is the units digit of 348137865?
5
What is the hundreds digit of 5919863847?
8
What is the hundreds digit of 239055287?
2
What is the hundreds digit of 137077827?
8
What is the hundred millions digit of 107345101?
1
What 